
Calculate the remainder when 1728 is divided by 844.
40
Calculate the remainder when 121 is divided by 52.
17
Calculate the remainder when 1792 is divided by 138.
136
Calculate the remainder when 3205 is divided by 39.
7
What is the remainder when 1885 is divided by 310?
25
What is the remainder when 271 is divided by 129?
13
Calculate the remainder when 355 is divided by 51.
49
Calculate the remainder when 14591 is divided by 128.
127
What is the remainder when 191 is divided by 48?
47
Calculate the remainder when 133 is divided by 65.
3
What is the remainder when 162 is divided by 11?
8
Calculate the remainder when 122 is divided by 9.
5
What is the remainder when 104 is divided by 39?
26
What is the remainder when 1420 is divided by 49?
48
Calculate the remainder when 87 is divided by 24.
15
Calculate the remainder when 5300 is divided by 12.
8
What is the remainder when 1674 is divided by 240?
234
What is the remainder when 2342 is divided by 390?
2
Calculate the remainder when 1434 is divided by 1422.
12
What is the remainder when 128 is divided by 40?
8
What is the remainder when 507 is divided by 130?
117
Calculate the remainder when 657 is divided by 15.
12
What is the remainder when 4092 is divided by 91?
88
What is the remainder when 837 is divided by 60?
57
What is the remainder when 433 is divided by 5?
3
Calculate the remainder when 620 is divided by 27.
26
Calculate the remainder when 5118 is divided by 16.
14
Calculate the remainder when 192 is divided by 14.
10
What is the remainder when 79 is divided by 6?
1
What is the remainder when 115 is divided by 5?
0
Calculate the remainder when 122 is divided by 14.
10
Calculate the remainder when 2666 is divided by 127.
126
Calculate the remainder when 356 is divided by 142.
72
Calculate the remainder when 67 is divided by 8.
3
Calculate the remainder when 36 is divided by 4.
0
What is the remainder when 1919 is divided by 62?
59
Calculate the remainder when 7344 is divided by 31.
28
What is the remainder when 2130 is divided by 194?
190
What is the remainder when 1586 is divided by 526?
8
What is the remainder when 369 is divided by 93?
90
Calculate the remainder when 1012 is divided by 145.
142
What is the remainder when 1590 is divided by 17?
9
Calculate the remainder when 83 is divided by 29.
25
What is the remainder when 2851 is divided by 1?
0
Calculate the remainder when 178 is divided by 125.
53
What is the remainder when 55 is divided by 30?
25
Calculate the remainder when 186 is divided by 21.
18
Calculate the remainder when 1796 is divided by 60.
56
Calculate the remainder when 10672 is divided by 18.
16
Calculate the remainder when 143 is divided by 8.
7
What is the remainder when 113 is divided by 53?
7
What is the remainder when 36191 is divided by 29?
28
Calculate the remainder when 2373 is divided by 1182.
9
Calculate the remainder when 94 is divided by 26.
16
What is the remainder when 197 is divided by 55?
32
Calculate the remainder when 76 is divided by 59.
17
Calculate the remainder when 664 is divided by 120.
64
Calculate the remainder when 668 is divided by 134.
132
Calculate the remainder when 237 is divided by 15.
12
Calculate the remainder when 615 is divided by 57.
45
What is the remainder when 77 is divided by 28?
21
What is the remainder when 6612 is divided by 9?
6
What is the remainder when 71 is divided by 8?
7
What is the remainder when 127 is divided by 16?
15
Calculate the remainder when 2246 is divided by 21.
20
What is the remainder when 1294 is divided by 18?
16
Calculate the remainder when 3469 is divided by 18.
13
Calculate the remainder when 164 is divided by 51.
11
Calculate the remainder when 737 is divided by 20.
17
What is the remainder when 24 is divided by 14?
10
Calculate the remainder when 124 is divided by 65.
59
Calculate the remainder when 235 is divided by 79.
77
Calculate the remainder when 59 is divided by 13.
7
Calculate the remainder when 115 is divided by 53.
9
Calculate the remainder when 725 is divided by 654.
71
Calculate the remainder when 974 is divided by 197.
186
Calculate the remainder when 11 is divided by 7.
4
What is the remainder when 69 is divided by 49?
20
What is the remainder when 109 is divided by 31?
16
What is the remainder when 59 is divided by 18?
5
Calculate the remainder when 26 is divided by 10.
6
What is the remainder when 398 is divided by 34?
24
What is the remainder when 4589 is divided by 209?
200
What is the remainder when 3231 is divided by 16?
15
What is the remainder when 117 is divided by 11?
7
Calculate the remainder when 61 is divided by 6.
1
Calculate the remainder when 475 is divided by 24.
19
Calculate the remainder when 1757 is divided by 44.
41
Calculate the remainder when 23273 is divided by 18.
17
What is the remainder when 81 is divided by 1?
0
What is the remainder when 504 is divided by 309?
195
What is the remainder when 460 is divided by 29?
25
Calculate the remainder when 56 is divided by 30.
26
Calculate the remainder when 787 is divided by 79.
76
Calculate the remainder when 26 is divided by 11.
4
What is the remainder when 11447 is divided by 72?
71
What is the remainder when 186 is divided by 47?
45
Calculate the remainder when 115 is divided by 95.
20
Calculate the remainder when 753 is divided by 372.
9
Calculate the remainder when 260 is divided by 143.
117
What is the remainder when 2182 is divided by 19?
16
What is the remainder when 1192 is divided by 21?
16
Calculate the remainder when 16783 is divided by 45.
43
What is the remainder when 56 is divided by 39?
17
Calculate the remainder when 687 is divided by 30.
27
Calculate the remainder when 503 is divided by 165.
8
What is the remainder when 24 is divided by 14?
10
Calculate the remainder when 269 is divided by 96.
77
Calculate the remainder when 1679 is divided by 16.
15
What is the remainder when 907 is divided by 35?
32
Calculate the remainder when 213 is divided by 210.
3
What is the remainder when 790 is divided by 99?
97
What is the remainder when 568 is divided by 45?
28
Calculate the remainder when 489 is divided by 137.
78
What is the remainder when 871 is divided by 22?
13
What is the remainder when 1151 is divided by 68?
63
What is the remainder when 77 is divided by 20?
17
Calculate the remainder when 423 is divided by 215.
208
Calculate the remainder when 446 is divided by 14.
12
Calculate the remainder when 188 is divided by 14.
6
What is the remainder when 28 is divided by 22?
6
Calculate the remainder when 322 is divided by 11.
3
Calculate the remainder when 453 is divided by 149.
6
Calculate the remainder when 5449 is divided by 29.
26
What is the remainder when 890 is divided by 39?
32
What is the remainder when 7704 is divided by 961?
16
What is the remainder when 276 is divided by 85?
21
What is the remainder when 5848 is divided by 531?
7
Calculate the remainder when 45 is divided by 27.
18
Calculate the remainder when 322 is divided by 19.
18
What is the remainder when 106 is divided by 22?
18
What is the remainder when 224 is divided by 45?
44
Calculate the remainder when 77 is divided by 4.
1
What is the remainder when 1116 is divided by 43?
41
What is the remainder when 682 is divided by 98?
94
Calculate the remainder when 65 is divided by 17.
14
What is the remainder when 321 is divided by 65?
61
Calculate the remainder when 396 is divided by 100.
96
Calculate the remainder when 264 is divided by 205.
59
What is the remainder when 187 is divided by 30?
7
Calculate the remainder when 380 is divided by 6.
2
What is the remainder when 1023 is divided by 341?
0
What is the remainder when 1823 is divided by 73?
71
Calculate the remainder when 271 is divided by 26.
11
Calculate the remainder when 5741 is divided by 99.
98
Calculate the remainder when 183 is divided by 46.
45
What is the remainder when 136 is divided by 41?
13
What is the remainder when 177 is divided by 61?
55
What is the remainder when 104 is divided by 87?
17
What is the remainder when 2085 is divided by 51?
45
What is the remainder when 286 is divided by 245?
41
Calculate the remainder when 180 is divided by 21.
12
What is the remainder when 99 is divided by 15?
9
What is the remainder when 218 is divided by 56?
50
Calcul